 by (-25)/((-4)/(-7) - (-132)/(-84))?
22
Let y(r) = 2*r - 10. Let v be y(7). Let x(a) = 0*a - 43 + 50 - a. Calculate the remainder when 9 is divided by x(v).
0
Suppose -3*d + 5*l - 39 = -237, l = -3*d + 198. Let i(y) = 16*y**3 - y**2 + 2*y - 1. Calculate the remainder when d is divided by i(1).
2
Let x = 7193 + -7170. What is the remainder when 74 is divided by x?
5
Let a = -459 + 493. Suppose 0 = -a*l + 20*l + 1876. Let s = -33 + 50. Calculate the remainder when l is divided by s.
15
Let u = 4265 + -4236. Calculate the remainder when 134 is divided by u.
18
Let v(z) = 3*z**2 - 7*z + 17. Let l be v(-5). Let x = -116 + l. Calculate the remainder when 12 is divided by x.
1
Let a = 3194 + -2356. What is the remainder when a is divided by 20?
18
Let o(z) = 118*z**3 - z**2 + 3*z - 1. Let j be o(1). Let f = j + -45. Calculate the remainder when 221 is divided by f.
73
Let t = 117 - 107. Let y(m) = -21 + 13*m + t*m**2 - m**3 + m + 9*m**2 + 8*m. Calculate the remainder when y(20) is divided by 10.
9
Let k(t) be the second derivative of t**5/20 - 5*t**3/6 - 7*t**2 - 21*t. What is the remainder when k(5) is divided by 45?
41
Let v be (-2 + 1)*-1*(7 - 10). Suppose -4*x = x - 35. Calculate the remainder when -49*(-4 + x)/v is divided by 13.
10
Suppose -4*t + 1148 = v, 2*t - 2438 = -3*v + 1036. Suppose 3548 = 4*h + v. What is the remainder when h is divided by 14?
9
Calculate the remainder when 445 is divided by ((-19352)/708)/((-4)/6).
35
Let g(y) = y**3 - 4*y**2 + 27. Let s = -79 + 79. Suppose 0 = -4*a - 22 + 2, 303 = 3*k + 3*a. What is the remainder when k is divided by g(s)?
25
Let v(k) = -k**2 + 10*k - 10. Let y be v(7). Suppose y*b = 758 + 397. Calculate the remainder when 136 is divided by b/2 + (-6)/4 + -4.
42
Suppose -41*s + 557 = -40*s + 3*d, 5*d = 5*s - 2765. What is the remainder when s is divided by 178?
20
Let c(s) be the third derivative of s**6/120 + s**5/30 + s**3/6 - 6*s**2 - 2. Calculate the remainder when 48 is divided by c(2).
14
Let x = 65 + -60. Suppose -n = -x*s - 33, 5*s = -n - 0*s - 17. Suppose -k + 6 = -n. Calculate the remainder when 54 is divided by k.
12
Suppose 4*x - 2*u = 1024, -3*x + 214*u - 212*u = -767. Calculate the remainder when 331 is divided by x.
74
Let f = 42 + -21. Calculate the remainder when -2*(1716/16)/13*-2 is divided by f.
12
Suppose 0 = -4*r - 3*x + 271, 721*x = -2*r + 723*x + 104. Calculate the remainder when 123 is divided by r.
1
Let f = 7192 - 6762. Calculate the remainder when f is divided by 73.
65
Suppose 6*y - 56 = -8*y. Suppose -14*a + 9*a - o + 111 = 0, 4*o - y = 0. Calculate the remainder when 32 is divided by a.
10
Let w(y) = -34*y + 766. What is the remainder when 270 is divided by w(20)?
12
Let k(y) = -6*y + 38. Let z be k(6). Suppose -s + z*s = 73. Let f = -6 + 17. Calculate the remainder when s is divided by f.
7
Let d = 45 + -5. Calculate the remainder when d is divided by 2112/(-1848) + (-212)/(-14).
12
Let a(t) = 2*t**2 + 63*t - 35. Let d be a(-29). Calculate the remainder when (-1)/(2/d) + 34 + -35 is divided by 21.
5
Suppose 75 + 108 = -3*k. Let m = k - -115. Calculate the remainder when m is divided by 28.
26
Let h(m) = m**3 - 15*m**2 + 25*m - 59. Calculate the remainder when 1899 is divided by h(14).
94
Suppose -12 + 8 = -4*d. Suppose 0 = l + 5*r + d, 3*l - 11 = r - 2*r. Suppose -c + 8 = -i, 0 = i + 3*i - l. Calculate the remainder when c is divided by 2.
1
Let t = 664 + 1024. What is the remainder when t is divided by 1679?
9
Let m = -248 + 117. Let d = m - -131. Suppose d = -3*j, 2*h - 2*j - 6 - 78 = 0. Calculate the remainder when h is divided by 15.
12
Let j be (50005/219)/(1/3). Let s = -624 + j. Calculate the remainder when s is divided by 22.
17
Let c(b) = -b**3 - 5*b**2 + 50*b + 176. Let l(y) = y**2 - 4*y - 10. Calculate the remainder when l(-4) is divided by c(-3).
6
Let p(z) = 219*z + 3308. Calculate the remainder when 1367 is divided by p(-15).
10
Suppose -222*c - y + 1378 = -218*c, -c - 5*y + 354 = 0. What is the remainder when c is divided by 51?
38
Let s = 39 - 33. Suppose -h + 223 = -0*a + 5*a, 5*a - h = 217. Suppose -s*l + 46 = -a. Calculate the remainder when 119 is divided by l.
14
Suppose -175*c - 88 = -186*c. Calculate the remainder when 743 is divided by c.
7
Suppose -18*y - 208 = -10*y. Calculate the remainder when 103 is divided by (-130)/y + (6 - -1).
7
Let c(d) = -4*d + 122. Let l(g) = -g**3 - 19*g**2 + 21*g + 49. Let k be l(-20). Calculate the remainder when 22 is divided by c(k).
4
Let k be (-10 - 0)/(-3 + 1/1). Suppose -t + 6*t = 5*i - 195, 0 = -k*i + 2*t + 180. Calculate the remainder when 131 is divided by i.
29
Let h = 47 + -14. Calculate the remainder when 78/((-54)/360 + (3 - (-18)/(-8))) is divided by h.
31
Suppose -2*f = 7*f + 27. Let o be ((-126)/30)/((-1)/15) + f. Suppose 5*n = 8*n - o. Calculate the remainder when 55 is divided by n.
15
Let y = 70 - 46. Suppose -10*d + y = -146. Calculate the remainder when 134 is divided by d.
15
Let r(q) = q**3 + 6*q**2 - 3*q + 8. Suppose c + 498 = 5*h, -h - 2*c + 19 = -96. What is the remainder when h is divided by r(-6)?
23
Suppose 2*w = -2*p + 402, -5*w - 63*p + 64*p + 1023 = 0. Calculate the remainder when w is divided by 37.
19
Suppose -s = -t - 26, 3*s - s = -2*t + 72. Suppose s - 331 = -20*k. What is the remainder when 59 is divided by k?
14
Let u be 10/35 - (-8)/(-28). Suppose -2*d + 239 = -v, u*d = 2*d + 2*v - 254. Let r(z) = -17*z - 2. Calculate the remainder when d is divided by r(-2).
26
Suppose -4*m + 1 = -b, -27 - 5 = -4*b - 2*m. Suppose 8*l - 54 = -5*f + b*l, 5*l + 16 = f. Calculate the remainder when 96 is divided by f.
8
Let c = 2111 - 2094. Calculate the remainder when (-7)/(11/21 + (-2)/3) is divided by c.
15
Let j(n) = -7*n**2 - 173*n + 73. What is the remainder when j(-25) is divided by (-15 - 1)/(-4) - -2?
5
Let p = 1446 - 1413. What is the remainder when 2339 is divided by p?
29
Suppose -11*g = 23 - 1. Let o(v) = -2 + 2999*v + 0 - 3055*v. Calculate the remainder when o(g) is divided by 24.
14
Suppose d + 3*m - 146 = 0, -d + 5*d = -2*m + 544. What is the remainder when d is divided by 41?
11
Let y be 13/((-13)/3) - (313 + -1). Let a = y - -443. What is the remainder when a is divided by 43?
42
Let b(p) = -p**3 - 12*p**2 + 286*p + 31. What is the remainder when 1680 is divided by b(12)?
0
Suppose 4*j = 0, -3*w = -0*w + 2*j - 783. Suppose -22*f + 1383 = w. Let q = 22 + -9. What is the remainder when f is divided by q?
12
Let z be (-4 - (2 + -3)) + 639. Suppose 224*a = 221*a + z. Calculate the remainder when a is divided by 5.
2
Suppose -851*o = -921*o + 20580. What is the remainder when 301 is divided by o?
7
Let x(w) = -2*w**2 - 18*w - 5. Let c(i) = -6*i + 23. Suppose a - 19 = -4*r - 0*r, 4 = -4*a. Let f be c(r). Calculate the remainder when 66 is divided by x(f).
20
Let v be ((-518)/6 - 4) + (-4)/(-12). Let f = -68 - v. Calculate the remainder when 58 is divided by f.
14
Let b(i) be the third derivative of 0*i + 9*i**2 + 1/120*i**6 - 7/6*i**3 - 2/15*i**5 + 1/12*i**4 + 0. Calculate the remainder when 31 is divided by b(8).
4
Let j(i) = -5 - 3*i + 0*i - 5*i - 8*i. Let w(d) = -d - 1. Let x(g) = -j(g) + 5*w(g). Calculate the remainder when x(3) is divided by 13.
7
Let b = -1083 + 1882. Let a = -767 + b. What is the remainder when a is divided by 13?
6
Let a = -77 + 74. What is the remainder when (1/(-4))/(a/132) is divided by 4?
3
Let m(n) = -19*n**3 + 2*n**2 - 1. Let d = 167 - 168. Calculate the remainder when 52 is divided by m(d).
12
Calculate the remainder when 1992 is divided by 1 - 13/(13/(-56)).
54
Let u(s) be the first derivative of s**4/4 + 13*s**3/3 + 18*s**2 + 22*s - 228. What is the remainder when u(-5) is divided by 4?
2
Let m(x) = -x**2 - 10*x + 29. Let k = 131 - 140. Calculate the remainder when 333/(-2)*4/(-6) is divided by m(k).
35
Let h = -1303 - -1368. What is the remainder when 320 is divided by h?
60
Suppose -2*x = -2*o - 256, 4*o - 472 = -6*x + 2*x. Let s(r) = 4*r**2 - r - 7. Suppose 8*b - 12 = 12*b. What is the remainder when x is divided by s(b)?
27
Suppose 18 = 5*t - 27. Suppose -4*x + 28 = 3*v + 2*v, 3*x + t = 0. Suppose -4*w = 2*y - w - 66, -3*y + 94 = 2*w. Calculate the remainder when y is divided by v.
6
Calculate the remainder when (334 - 2) + (-16)/4*1 is div